*w + 192. Let b = 602 + -532. Let t = b + c. Calculate the remainder when 54 is divided by t.
12
Suppose -4*p + 30 = 2*p. Suppose -p*l - l = -486. Suppose 3*j = l + 24. Calculate the remainder when j is divided by 12.
11
Let z = 261 + -260. What is the remainder when 35*(z/9)/((-6)/(-54)) is divided by 12?
11
Let u = -1819 - -2237. What is the remainder when u is divided by 14?
12
Let o(i) = 11*i**2 - 16*i + 6. Let b be o(7). Let f = b + -87. Suppose f = 4*n + 6. What is the remainder when n is divided by 11?
8
Let j = -43 + 41. Let r(x) = -x + 3. Let i be r(6). Calculate the remainder when -102*((-4)/i)/j is divided by 18.
14
Let p(h) = -2*h**3 + 81*h**2 - 19*h - 521. Calculate the remainder when p(38) is divided by 115.
112
Let x = 4 + -4. Suppose -3*d + x*d + 90 = 0. Suppose -682*r = -675*r - 28. Calculate the remainder when d is divided by r.
2
Let g = 87 + -78. Let v(u) = 28*u - 105. What is the remainder when v(g) is divided by 25?
22
Suppose 5*a - 21 = -3*p + 34, -5*a - 4*p + 55 = 0. Let u be 6/3 - 4/(-1). Suppose -u = -d - d. Calculate the remainder when a is divided by d.
2
Suppose 7208 = 209*w - 103*w. What is the remainder when w is divided by 26?
16
Suppose o - 16 = -1. Suppose -3*l + 4*p - 2*p = -o, -2*p + 9 = 5*l. Suppose 5*c + 16 = -9, l*c - 1 = -4*m. What is the remainder when 13 is divided by m?
1
Let p(u) = -4*u + 7. Let f(t) = -3*t + 7. Let v(r) = 6*f(r) - 5*p(r). Let i = -3190 - -3264. Calculate the remainder when i is divided by v(6).
17
Suppose s - 5*q = 11, -q - 44 = -3*s + 3*q. Calculate the remainder when 235 is divided by s.
11
Let i be (192/60)/((-2)/(-5)). Calculate the remainder when 15 is divided by i - (-3 + 3 - -4).
3
Let t = -14 + 20. Let d be (-3)/2 - 1611/(-18). Let k = d - 87. Calculate the remainder when t is divided by k.
0
Let i = -223 + 227. Let t(u) = 4*u**3 - 4*u**2 - 9*u + 13. Calculate the remainder when t(i) is divided by 29.
24
Suppose 2*w = w + 4, 5*w = 4*h + 36. Let u be (2 - (-4)/h)*54. Suppose 6 - u = -8*n. Calculate the remainder when 41 is divided by n.
5
What is the remainder when 80 is divided by (-67)/(-402) + 305/6?
29
Let r(t) = 22*t**3 - 3*t**2 + 2*t - 10. Let u be r(3). Suppose y = -2*y + p + 335, -5*y = -4*p - u. What is the remainder when y is divided by 29?
24
Let c be ((-8)/(-3) - 3)*2*-3. Suppose -18 = c*g + 5*d, -3*g + 2*d + 7 = -4. Calculate the remainder when 125 is divided by 1/(-2) + ((-185)/(-10))/g.
17
Let u(p) = p**3 + 9*p**2 + 12*p + 15. Calculate the remainder when 4790 is divided by u(-6).
47
Let c(o) = -o**2 + 54*o - 466. Calculate the remainder when c(21) is divided by 227.
0
Let l(n) = -3*n + 59. Let t be l(17). Suppose 5*k + 5*f - t*f = 226, -5*k + 238 = f. What is the remainder when k is divided by 18?
11
Let w be 36499/187 - (-2)/(-11). Suppose -28*q + 26*q - u = -105, -4*q + w = -u. Calculate the remainder when 848 is divided by q.
48
Let t = 25 - 11. Suppose u - 2*i = -u + 36, 3*i = -u + t. Suppose 3*q - j = 343, 3*q + j = 5*q - 227. What is the remainder when q is divided by u?
14
Let r be (-2)/(-4) + (57720/16)/(-15). What is the remainder when 16 is divided by 8/6 - r/36?
0
Suppose 0 = -1390*f + 1368*f + 330. Suppose -19 = -k + 4*p + 33, -3*k = -5*p - 156. What is the remainder when k is divided by f?
7
What is the remainder when (-133 - 1 - -3)/(3/(-9)) is divided by 188?
17
Let z = -487 + 831. What is the remainder when z is divided by 344?
0
Let y(i) = -144*i - 91. What is the remainder when y(-3) is divided by 55?
11
Let r = -65 - -254. What is the remainder when r is divided by 28?
21
Let k(q) = 2*q**2 - q - 14. Let r(v) = v**3 + v**2 + 3. Let j(i) = -k(i) - 2*r(i). Let o = 4 - 6. Calculate the remainder when 35 is divided by j(o).
5
Let v(u) = 32*u + 150. Calculate the remainder when 1131 is divided by v(-3).
51
Suppose 6*j - 2*j = 1124. Suppose -291*x = -j*x - 340. What is the remainder when 65 is divided by x?
31
Let z = 22 - 19. Suppose 2*y - y = 5*s + 216, s + 40 = -z*y. Let b = 55 + s. What is the remainder when 32 is divided by b?
8
Calculate the remainder when 1442 is divided by 1/(-6)*-1259 - (2415/(-126))/(-23).
188
Let o = 584 + -416. Suppose 3*q = -g + o, 0*q + g = 5*q - 272. What is the remainder when 219 is divided by q?
54
Let u = 117 + -113. Let m be -2*((-6)/u - 4). Suppose -3*h = m*h - 168. Calculate the remainder when 54 is divided by h.
6
Let h(q) = -q**2 + 25*q + 80. Let g be h(26). What is the remainder when 2*(27/g)/((-2)/(-158)) is divided by 2/2 + 18/2?
9
Suppose 0 = -9*q - 300 + 363. Suppose -2*w - s = -33, -3*w = q*s - 8*s - 57. Calculate the remainder when 84 is divided by w.
12
Let r = 947 - 837. Calculate the remainder when r is divided by 7.
5
Suppose 5*a = 13*a - 480. Suppose -12*x = -24 - a. Calculate the remainder when 40 is divided by x.
5
Let n be (-330)/(-9) - 105/(-45). Suppose -14*h + h = -n. Calculate the remainder when 4 is divided by h.
1
Suppose 0*b + 5*p = 3*b + 22, 3*b - 2*p + 16 = 0. What is the remainder when 47 is divided by b - -2 - 40/(-2)?
11
What is the remainder when (-143)/26 + 2932/8 is divided by 58?
13
Let r(n) = n**3 - 8*n**2 - 19*n + 18. Let m be r(9). Let x = m + 164. What is the remainder when x is divided by 24?
20
Suppose 28*j = 32*j + 8. What is the remainder when 46 is divided by (-228)/(-36) + j*(-2)/(-12)?
4
Let q(t) = -2*t**3 - 44*t**2 + 17*t + 385. Calculate the remainder when 17 is divided by q(-22).
6
Let b(r) = 32*r + 127. Calculate the remainder when b(48) is divided by 34.
31
Let s = -9445 - -9891. What is the remainder when s is divided by 48?
14
Suppose -4*x = -2*d + 7 + 9, -4*x = -d + 16. Suppose 2*k - 1 = l - 206, 4*l - 2*k - 832 = d. What is the remainder when l is divided by 10?
9
Let u = 364 + -354. Let k = 455 + u. What is the remainder when k is divided by 52?
49
Let g(b) = 446*b + 46. Let i be g(1). Let o = i + -477. Suppose -3*n - 2*a + 100 + 294 = 0, 130 = n + 2*a. Calculate the remainder when n is divided by o.
12
Calculate the remainder when ((-24)/9)/((-42)/8253) is divided by 54.
38
Let f = 3810 - 3909. Let d = 277 - 404. Let y = f - d. Calculate the remainder when 68 is divided by y.
12
Suppose -13 - 1 = -2*o. Let d be 2 + o/((-28)/(-132)). Let j = 44 - d. Calculate the remainder when 44 is divided by j.
8
Suppose 5*g + 146*g = -37*g + 27636. Calculate the remainder when g is divided by 146.
1
Let x = -16088 + 16925. What is the remainder when x is divided by 404?
29
Calculate the remainder when 123 - (-8)/12*15 is divided by (-456)/(-14) - (-5 - (-32)/7).
1
Suppose -19840 = -356*c + 324*c. What is the remainder when c is divided by 119?
25
Suppose -97*c + 23*c = -592. Calculate the remainder when 2015 is divided by c.
7
Suppose r = k + 70 + 58, -r + 132 = -3*k. What is the remainder when 465 is divided by r?
87
Let b(g) = -g + 26. Let m be b(23). Suppose -m*w = -4*t + 77, 0 = 4*t - 5*w + 9*w - 84. Suppose c = -c + 64. What is the remainder when c is divided by t?
12
Suppose -22*w = -18*w - 28, 1207 = 3*a + w. What is the remainder when a is divided by 112?
64
Let a(x) = x**2 + 4*x - 172. What is the remainder when 531 is divided by a(-22)?
83
Suppose -5*j - 71 = 2*a, 3*a + 4*j + 64 = -53. Let h = 59 + a. Calculate the remainder when 62 is divided by h.
14
What is the remainder when 1190 is divided by (4/18 + (-65)/90)/((-1)/594)?
2
Suppose -242 = -3*n + x, 3*n + 2*x - 115 = 112. What is the remainder when 709 is divided by n?
77
Let u = -4 + 5. Let o(z) = -115 + 349 + 5*z + 10*z**2 - 120 - 115. What is the remainder when o(u) is divided by 8?
6
Suppose -1603*y + 697 = -1601*y - x, -1035 = -3*y + 5*x. Calculate the remainder when y is divided by 67.
15
Suppose 259*r - 3971 = -1099 + 4639. What is the remainder when 387 is divided by r?
10
Let s = -3734 + 3881. Calculate the remainder when 454 is divided by s.
13
Let f = -6064 + 6619. Calculate the remainder when f is divided by 180.
15
Suppose 5*g - 376 = 79. Suppose 11 = -16*s + g. What is the remainder when 157 is divided by s?
2
Let o = -327 - -330. Suppose -o*q + 5*r = -160, -33*r + 37*r = -q + 59. What is the remainder when q is divided by 15?
10
Suppose 44*i - 232 = 40*i. Calculate the remainder when 24/72 + (-1348)/(-6) is divided by i.
51
Suppose -16 = 12*y - 112. Suppose 18*s - 20 = y*s. What is the r